**3. Let c be b(4). Suppose -8 = -j + c*l, 3*l + 0*l - 5 = -2*j. What is the units digit of j?
4
Suppose -2*k = -5*k + 9. Suppose 2*y - 21 = k*a, 3*y + 5*a - 61 = y. What is the tens digit of y?
1
Let p = -27 + 15. Let g = p + 20. What is the units digit of g?
8
Suppose -b = -3*b - 4, -5*s - 54 = -3*b. What is the units digit of 4 + (-1)/(2/s)?
0
Suppose c = 3*g - 6*g + 10, -4*c + 2*g = 30. Let x(j) = -4*j - 5. Let l be x(c). Let d = l - 10. What is the units digit of d?
5
Suppose -704 = -5*x - 4*c, -4*c - 218 = -4*x + 374. What is the units digit of x?
4
Let a(o) = -o**3 - 4*o**2 + 7*o + 4. Let v be a(-5). What is the units digit of (-2)/v - 104/(-12)?
9
Suppose b + 3*k = 1, 3*k + 1 = b - k. What is the units digit of b?
1
Suppose 2*b - 56 = -22. Suppose 0 = 2*d - 8, 3*y + 3*d = b + 13. What is the units digit of y?
6
Let r(p) = -p**2 - 7*p - 7. Let h be r(-5). Suppose a - 7 = h. What is the units digit of a?
0
Let s(o) = o**3 - 8*o**2 + 11*o - 6. What is the units digit of s(7)?
2
What is the tens digit of 51/4 + 51/(-68)?
1
Let v = -16 + 18. What is the units digit of v?
2
What is the units digit of (-3)/(-2)*((-604)/(-6) + -8)?
9
Suppose 3 + 2 = 5*r. Suppose -r - 5 = -3*d, 3*w = -4*d + 20. What is the units digit of w?
4
Suppose -4*z - 96 = -456. What is the tens digit of z?
9
Let h(z) = 3*z**2 + 7*z + 17. What is the tens digit of h(5)?
2
Suppose 6*u = 2*y + 3*u - 6, -3*y = u - 9. Suppose 2*j - 37 = -b, -4*b = 3*j - 61 - 92. Suppose -y*r + b = m + 7, m = -4*r + 44. What is the tens digit of r?
1
What is the units digit of ((-6)/(-15))/((-1)/(-75))?
0
What is the tens digit of (-54)/(-15)*(-45)/(-6)?
2
Suppose 6 = 3*z - 15. What is the tens digit of z + 11 - 2/(-2)?
1
Suppose 0 = -4*s + 8*m - 7*m + 692, 3*s = -3*m + 504. What is the hundreds digit of s?
1
Let p(a) be the second derivative of -a**5/10 - a**4/3 - a**3/2 - 7*a. What is the units digit of p(-2)?
6
Let w be 25/9 + 16/72. Let i(z) = 3*z**2 - 4*z**w - 2*z**2 + 0*z**3. What is the units digit of i(-1)?
5
Let v be (-10)/3 + (-3)/(-9). Suppose 0 = j - 6*j + 15. Let o = j - v. What is the units digit of o?
6
Let d be 10*(-2 + (-2)/(-5)). Let k be (-307)/(-9) + (-1)/9. Let m = k + d. What is the tens digit of m?
1
Suppose 330 = -5*k + 10*k. What is the tens digit of k?
6
What is the tens digit of (-680)/(-28) - (-2)/(-7)?
2
What is the hundreds digit of 255 - (-1 + 1 + 3 + -4)?
2
Suppose 11*v = -102 + 993. What is the tens digit of v?
8
Let v = -6 - -8. Suppose 0*q - v*q = -6. Suppose 0 = -q*w + 4*a - 5 + 42, -3*w + 5*a + 41 = 0. What is the units digit of w?
7
Let p be 4 + 1/(1 - 2). What is the tens digit of (204/8)/(p/4)?
3
Let z(t) = -t - 2. Let l be z(-2). Suppose 3*p - 22 = -g, -5*p = -l*g + 2*g - 36. Let h(j) = j**3 - 8*j**2 + 4. What is the units digit of h(p)?
4
Suppose -5*w + 104 = -2*u, -w - 10 = -2*w - 5*u. What is the tens digit of w?
2
Let l(g) = g**3 + 9*g**2 + 6*g - 11. Let t be -11 - (-1)/((-4)/(-12)). What is the units digit of l(t)?
5
Suppose 2*l + 5 = 17. Suppose 0*w - 3*w - 120 = 0. What is the units digit of 3/((-4)/(w/l))?
5
Let d = 407 - 99. What is the tens digit of d?
0
What is the units digit of 103/2 - 10/(-20)?
2
Let v(l) = -l**3 + 8*l**2 + 2*l - 6. Suppose -2*y + 10 = 3*p, 2*p - p = 4*y - 20. Suppose 5*i + y*h = h + 44, i - 11 = -3*h. What is the tens digit of v(i)?
1
Let o be (36/8)/((-6)/(-16)). What is the units digit of (-6)/4*o/(-18)?
1
Suppose 0 = -2*t + 3*g + 19, g + 5 = -5*t - 2*g. What is the units digit of t?
2
Let m(f) = 2*f**2. Suppose -6 + 2 = -4*o. What is the units digit of m(o)?
2
Let r(z) = -z + 13. Suppose -4*j = -0*j - 36. Let l be r(j). Suppose 15 = l*p - 1. What is the units digit of p?
4
Let s be 32/(-5) - (-6)/15. What is the tens digit of (-3)/((-9)/s)*-6?
1
Let v be (-4)/(-6) + 40/12. Suppose 152 = -0*s + v*s. What is the tens digit of s?
3
Let d(s) be the first derivative of -s**4/12 + 5*s**3/6 - s**2/2 - 2*s - 1. Let f(r) be the first derivative of d(r). What is the units digit of f(2)?
5
Suppose t = 2*b + 41, b = -t + 2*t - 42. What is the tens digit of t?
4
Let q(a) = 2*a - 11. Let f(o) = 3*o - 8. Let j(i) = i - 1. Let d(r) = f(r) - 2*j(r). Let s(u) = 5*d(u) - 3*q(u). What is the units digit of s(-7)?
0
Suppose 6 = z + 2*z. Let h = 16 + -10. Suppose -h*m + 4 = -z*m. What is the units digit of m?
1
Let v(o) = -o**2 - 10*o + 1. Let l be v(-10). Let j be 9/3 + -1 + l. Let n(t) = 2*t**2 - 4*t - 1. What is the units digit of n(j)?
5
Suppose -2*m + 214 = h + h, 2*h - 2*m - 230 = 0. What is the hundreds digit of h?
1
Let w(m) = 0 + 4*m**2 + 6*m - 3 - 5*m**2 + 0. What is the units digit of w(5)?
2
Let f = -15 + 23. What is the units digit of f?
8
Let t be (1/1)/((-2)/(-4)). Let v be 6/(10/4 - 1). Suppose -t*d + v = -8. What is the units digit of d?
6
Suppose h = 2 + 32. What is the units digit of h?
4
Let o(b) = 4*b**3 - 1. Let y be o(2). Suppose 3*m = -2*m + 4*a + 64, -5*a = 3*m - y. What is the tens digit of m?
1
Suppose -4*d - m + 3*m = -46, -5*m = -5*d + 55. What is the tens digit of d?
1
Let z = -7 + 10. What is the units digit of ((-1)/z)/((-5)/75)?
5
Let b = -18 + 30. Suppose 0 = o + 3*o - b. Let q = o + 0. What is the units digit of q?
3
Let t(m) = m**3 + 2*m**2 - 2*m - 2. What is the units digit of t(3)?
7
Let r(z) be the first derivative of -z**4/4 + z**3/3 + z**2 + 3*z - 3. What is the tens digit of r(-2)?
1
Let k be (-4)/(-6) + (-70)/(-3). Let o = k + 21. Let q = o - 29. What is the tens digit of q?
1
Let z(g) = -2 - 4*g - g + 4*g. What is the units digit of z(-6)?
4
Suppose -144 = 16*y - 20*y. What is the tens digit of y?
3
Let h(u) = -u**3 - 4*u**2 - 3*u + 6. What is the units digit of h(-5)?
6
Suppose 4*d = -d. Let f(v) = -v**3 - 5*v**2 + v + 7. Let h be f(-5). Suppose d = -j + 5 + h. What is the units digit of j?
7
Let i = -5 + 9. Let p = i - 0. Let q = 8 - p. What is the units digit of q?
4
Suppose g + 0*g - 3 = 0. Suppose f + g*t - 22 = 0, -2*f + f - 2*t + 20 = 0. What is the tens digit of f?
1
Let x = 8 - -9. Let c = -8 + x. Let n = c + -5. What is the units digit of n?
4
Let m = 5 + -8. Let h = -4 - m. What is the units digit of (-2 - -7) + (0 - h)?
6
Let r = 77 + -39. Suppose 5*g - 12 = r. What is the tens digit of g?
1
Let g(x) = -241*x**3 - 3*x - 2. What is the hundreds digit of g(-1)?
2
Let y(g) = -3*g - 5. Let m be y(-5). Suppose o = -o + m. Let t(p) = -p**3 + 4*p**2 + 7*p - 6. What is the units digit of t(o)?
4
Suppose -2*j + 5*b - 3*b + 36 = 0, -44 = -2*j + 4*b. What is the tens digit of j?
1
Let l be (65/(-3))/((-11)/99). Suppose -10*a + l = -5*a. What is the units digit of a?
9
Suppose 3*q = 4*q - 17. What is the tens digit of q?
1
Let k(n) be the second derivative of n**5/20 - 7*n**4/12 - n**3 - n**2 - 2*n. Let c be k(8). Let p = c + -6. What is the units digit of p?
8
Suppose -2*k + 0*k = -16. Suppose -k + 20 = 3*z. Suppose 2*v - 5 + 49 = 5*p, -5*p + z*v = -38. What is the tens digit of p?
1
Let y(o) = -o**2 + 13*o - 10. What is the tens digit of y(5)?
3
Suppose 2*b - 11 + 3 = 0. Suppose 2*k - 10 - b = 0. What is the units digit of k?
7
Suppose -2 = o, -46 = -3*i + i + 5*o. What is the units digit of i?
8
What is the units digit of 38 + -4 + 1 + 3?
8
Let i(c) = 3*c**2 + 6*c + 2. Let x be i(-4). Let y = -16 + x. What is the tens digit of y?
1
Suppose 17 = -5*w - 2*a, 0 = -w - 0*w + a - 2. Let c = 5 + w. Suppose 0 = -c*b + 8 - 2. What is the units digit of b?
3
Suppose 0 = -3*r - 2*l - 52, 6 = 2*r - r - 4*l. Let m be (-24)/r + (-2)/(-7). Suppose -o - 11 = m*v + 2*o, 11 = 3*v - o. What is the units digit of v?
2
Let l(n) = -n**3 - 2*n**2 - 6*n + 13. What is the units digit of l(-6)?
3
Let d(x) = -7*x**2 - 3*x**3 + 2*x**3 + 6 + 2*x**3. What is the units digit of d(7)?
6
Let q = -154 + 262. What is the tens digit of q?
0
Suppose -36*g - 291 = -39*g. What is the units digit of g?
7
Suppose -k + 36 = -13. Suppose -145 = -4*o - k. Let p = -2 + o. What is the units digit of p?
2
Let n(l) = 2*l + 5. What is the units digit of n(-1)?
3
What is the units digit of (-60)/24*(-116)/10?
9
Let p = -11 + 5. Suppose -i - 22 = d, i + 18 = -2*d - 4. What is the units digit of (-2)/(3 - i/p)?
3
What is the tens digit of 33/(82/(-22) + 4)?
2
Let j(r) = -r**2 + r. Let q be j(0). Suppose -3*c + 5 + 67 = q. Let h = c + -17. 